{"id":2800,"date":"2022-02-23T18:56:05","date_gmt":"2022-02-23T18:56:05","guid":{"rendered":"https:\/\/casasriaurobindo.com.br\/2022\/?post_type=product&#038;p=2800"},"modified":"2022-02-23T18:56:07","modified_gmt":"2022-02-23T18:56:07","slug":"a-chama-brilhante-de-imitacao-a-invencao","status":"publish","type":"product","link":"https:\/\/casasriaurobindo.com.br\/2022\/produto\/a-chama-brilhante-de-imitacao-a-invencao\/","title":{"rendered":"A CHAMA BRILHANTE \u2013 De Imita\u00e7\u00e3o \u00e0 Inven\u00e7\u00e3o"},"content":{"rendered":"<p><span style=\"font-family: Arial;\"><span style=\"font-size: small;\">Um jogo criativo que favorece o desenvolvimento da observa\u00e7\u00e3o, aten\u00e7\u00e3o, percep\u00e7\u00e3o, habilidade motora, mem\u00f3ria e imagina\u00e7\u00e3<\/span><\/span><\/p>\n","protected":false},"excerpt":{"rendered":"<p>Conjunto de exerc\u00edcios com base em materiais e objetos concretos para o treino e desenvolvimento de nossas faculdades e potenciais; 1987; Rolf Gelewski.<\/p>\n","protected":false},"featured_media":0,"comment_status":"open","ping_status":"closed","template":"","meta":[],"product_brand":[],"product_cat":[54],"product_tag":[],"class_list":{"0":"post-2800","1":"product","2":"type-product","3":"status-publish","5":"product_cat-rolf-gelewski","7":"first","8":"instock","9":"shipping-taxable","10":"purchasable","11":"product-type-simple"},"_links":{"self":[{"href":"https:\/\/casasriaurobindo.com.br\/2022\/wp-json\/wp\/v2\/product\/2800","targetHints":{"allow":["GET"]}}],"collection":[{"href":"https:\/\/casasriaurobindo.com.br\/2022\/wp-json\/wp\/v2\/product"}],"about":[{"href":"https:\/\/casasriaurobindo.com.br\/2022\/wp-json\/wp\/v2\/types\/product"}],"replies":[{"embeddable":true,"href":"https:\/\/casasriaurobindo.com.br\/2022\/wp-json\/wp\/v2\/comments?post=2800"}],"wp:attachment":[{"href":"https:\/\/casasriaurobindo.com.br\/2022\/wp-json\/wp\/v2\/media?parent=2800"}],"wp:term":[{"taxonomy":"product_brand","embeddable":true,"href":"https:\/\/casasriaurobindo.com.br\/2022\/wp-json\/wp\/v2\/product_brand?post=2800"},{"taxonomy":"product_cat","embeddable":true,"href":"https:\/\/casasriaurobindo.com.br\/2022\/wp-json\/wp\/v2\/product_cat?post=2800"},{"taxonomy":"product_tag","embeddable":true,"href":"https:\/\/casasriaurobindo.com.br\/2022\/wp-json\/wp\/v2\/product_tag?post=2800"}],"curies":[{"name":"wp","href":"https:\/\/api.w.org\/{rel}","templated":true}]}}