{"id":2790,"date":"2022-02-23T18:45:46","date_gmt":"2022-02-23T18:45:46","guid":{"rendered":"https:\/\/casasriaurobindo.com.br\/2022\/?post_type=product&#038;p=2790"},"modified":"2022-03-15T21:23:20","modified_gmt":"2022-03-15T21:23:20","slug":"a-consciencia-que-ve-volume-iii","status":"publish","type":"product","link":"https:\/\/casasriaurobindo.com.br\/2022\/produto\/a-consciencia-que-ve-volume-iii\/","title":{"rendered":"A CONSCI\u00caNCIA QUE V\u00ca &#8211; Volume III"},"content":{"rendered":"","protected":false},"excerpt":{"rendered":"<p>Tradu\u00e7\u00e3o, do ingl\u00eas, de tr\u00eas compila\u00e7\u00f5es de cartas de Sri Aurobindo aos seus disc\u00edpulos: &#8220;Bases of Ioga&#8221;, &#8220;Lights on Ioga&#8221;, &#8220;More Lights on Ioga&#8221;; 1977.\u00a0 Foram reunidos e ordenados de acordo com determinados t\u00f3picos, com o objetivo de auxiliar \u00e0queles que aspiram e buscam o Ioga Integral.<\/p>\n","protected":false},"featured_media":0,"comment_status":"open","ping_status":"closed","template":"","meta":[],"product_brand":[],"product_cat":[53],"product_tag":[],"class_list":{"0":"post-2790","1":"product","2":"type-product","3":"status-publish","5":"product_cat-sri-aurobindo","7":"first","8":"instock","9":"shipping-taxable","10":"purchasable","11":"product-type-simple"},"_links":{"self":[{"href":"https:\/\/casasriaurobindo.com.br\/2022\/wp-json\/wp\/v2\/product\/2790","targetHints":{"allow":["GET"]}}],"collection":[{"href":"https:\/\/casasriaurobindo.com.br\/2022\/wp-json\/wp\/v2\/product"}],"about":[{"href":"https:\/\/casasriaurobindo.com.br\/2022\/wp-json\/wp\/v2\/types\/product"}],"replies":[{"embeddable":true,"href":"https:\/\/casasriaurobindo.com.br\/2022\/wp-json\/wp\/v2\/comments?post=2790"}],"wp:attachment":[{"href":"https:\/\/casasriaurobindo.com.br\/2022\/wp-json\/wp\/v2\/media?parent=2790"}],"wp:term":[{"taxonomy":"product_brand","embeddable":true,"href":"https:\/\/casasriaurobindo.com.br\/2022\/wp-json\/wp\/v2\/product_brand?post=2790"},{"taxonomy":"product_cat","embeddable":true,"href":"https:\/\/casasriaurobindo.com.br\/2022\/wp-json\/wp\/v2\/product_cat?post=2790"},{"taxonomy":"product_tag","embeddable":true,"href":"https:\/\/casasriaurobindo.com.br\/2022\/wp-json\/wp\/v2\/product_tag?post=2790"}],"curies":[{"name":"wp","href":"https:\/\/api.w.org\/{rel}","templated":true}]}}