{"id":2776,"date":"2022-02-23T18:21:13","date_gmt":"2022-02-23T18:21:13","guid":{"rendered":"https:\/\/casasriaurobindo.com.br\/2022\/?post_type=product&#038;p=2776"},"modified":"2022-03-04T20:25:20","modified_gmt":"2022-03-04T20:25:20","slug":"rolf-gelewski-e-a-improvisacao-na-criacao-em-danca","status":"publish","type":"product","link":"https:\/\/casasriaurobindo.com.br\/2022\/produto\/rolf-gelewski-e-a-improvisacao-na-criacao-em-danca\/","title":{"rendered":"ROLF GELEWSKI E A IMPROVISA\u00c7\u00c3O NA CRIA\u00c7\u00c3O EM DAN\u00c7A"},"content":{"rendered":"<p><span style=\"font-family: Arial;\"><span style=\"font-size: small;\">(<span style=\"color: #0000ff;\">obs: aquisi\u00e7\u00e3o diretamente com a autora: Juliana Passos<\/span> &#8211; <a href=\"mailto:jpassosmestrado@gmail.com\"> jpassosmestrado@gmail.com<\/a> )<br \/>\nFormas, espa\u00e7o e tempo ( <a href=\"http:\/\/jupassoscpv.wix.com\/portfolio#!blank\/f4lrs\"> http:\/\/jupassoscpv.wix.com\/portfolio#!blank\/f4lrs<\/a> )<\/span><\/span><\/p>\n<p>&nbsp;<\/p>\n","protected":false},"excerpt":{"rendered":"<p>Uma investiga\u00e7\u00e3o sobre improvisa\u00e7\u00e3o e cria\u00e7\u00e3o em dan\u00e7a, a partir de propostas did\u00e1ticas de Rolf Gelewski sobre espa\u00e7o, formas e tempo. Um material que pode ser desenvolvido com diversas faixas et\u00e1rias, em diferentes contextos educacionais por professores de dan\u00e7a, teatro ou educa\u00e7\u00e3o f\u00edsica, pedagogos, arte-educadores ou arte-terapeuta. Juliana Cunha Passos, Editora Prismas, 2015.<\/p>\n","protected":false},"featured_media":0,"comment_status":"open","ping_status":"closed","template":"","meta":[],"product_brand":[],"product_cat":[56],"product_tag":[],"class_list":{"0":"post-2776","1":"product","2":"type-product","3":"status-publish","5":"product_cat-juliana-cunha-passos","7":"first","8":"instock","9":"shipping-taxable","10":"purchasable","11":"product-type-simple"},"_links":{"self":[{"href":"https:\/\/casasriaurobindo.com.br\/2022\/wp-json\/wp\/v2\/product\/2776","targetHints":{"allow":["GET"]}}],"collection":[{"href":"https:\/\/casasriaurobindo.com.br\/2022\/wp-json\/wp\/v2\/product"}],"about":[{"href":"https:\/\/casasriaurobindo.com.br\/2022\/wp-json\/wp\/v2\/types\/product"}],"replies":[{"embeddable":true,"href":"https:\/\/casasriaurobindo.com.br\/2022\/wp-json\/wp\/v2\/comments?post=2776"}],"wp:attachment":[{"href":"https:\/\/casasriaurobindo.com.br\/2022\/wp-json\/wp\/v2\/media?parent=2776"}],"wp:term":[{"taxonomy":"product_brand","embeddable":true,"href":"https:\/\/casasriaurobindo.com.br\/2022\/wp-json\/wp\/v2\/product_brand?post=2776"},{"taxonomy":"product_cat","embeddable":true,"href":"https:\/\/casasriaurobindo.com.br\/2022\/wp-json\/wp\/v2\/product_cat?post=2776"},{"taxonomy":"product_tag","embeddable":true,"href":"https:\/\/casasriaurobindo.com.br\/2022\/wp-json\/wp\/v2\/product_tag?post=2776"}],"curies":[{"name":"wp","href":"https:\/\/api.w.org\/{rel}","templated":true}]}}