{"id":2769,"date":"2022-02-23T18:12:33","date_gmt":"2022-02-23T18:12:33","guid":{"rendered":"https:\/\/casasriaurobindo.com.br\/2022\/?post_type=product&#038;p=2769"},"modified":"2022-03-04T19:09:03","modified_gmt":"2022-03-04T19:09:03","slug":"o-trabalho-em-nosso-corpo","status":"publish","type":"product","link":"https:\/\/casasriaurobindo.com.br\/2022\/produto\/o-trabalho-em-nosso-corpo\/","title":{"rendered":"O TRABALHO EM NOSSO CORPO"},"content":{"rendered":"<p><span style=\"font-family: Arial;\"><span style=\"font-size: small;\">Conte\u00fado: O porqu\u00ea do trabalho com o corpo e a coloca\u00e7\u00e3o did\u00e1tica de como realizar os movimentos do dia-a-dia, compreendidos como exerc\u00edcios simples e elementares, com dedica\u00e7\u00e3o, profunda consci\u00eancia e concentra\u00e7\u00e3o<\/span><\/span><\/p>\n","protected":false},"excerpt":{"rendered":"<p>A caminho para a transforma\u00e7\u00e3o do f\u00edsico; 1977; Rolf Gelewski.<\/p>\n","protected":false},"featured_media":0,"comment_status":"open","ping_status":"closed","template":"","meta":[],"product_brand":[],"product_cat":[54],"product_tag":[],"class_list":{"0":"post-2769","1":"product","2":"type-product","3":"status-publish","5":"product_cat-rolf-gelewski","7":"first","8":"instock","9":"shipping-taxable","10":"purchasable","11":"product-type-simple"},"_links":{"self":[{"href":"https:\/\/casasriaurobindo.com.br\/2022\/wp-json\/wp\/v2\/product\/2769","targetHints":{"allow":["GET"]}}],"collection":[{"href":"https:\/\/casasriaurobindo.com.br\/2022\/wp-json\/wp\/v2\/product"}],"about":[{"href":"https:\/\/casasriaurobindo.com.br\/2022\/wp-json\/wp\/v2\/types\/product"}],"replies":[{"embeddable":true,"href":"https:\/\/casasriaurobindo.com.br\/2022\/wp-json\/wp\/v2\/comments?post=2769"}],"wp:attachment":[{"href":"https:\/\/casasriaurobindo.com.br\/2022\/wp-json\/wp\/v2\/media?parent=2769"}],"wp:term":[{"taxonomy":"product_brand","embeddable":true,"href":"https:\/\/casasriaurobindo.com.br\/2022\/wp-json\/wp\/v2\/product_brand?post=2769"},{"taxonomy":"product_cat","embeddable":true,"href":"https:\/\/casasriaurobindo.com.br\/2022\/wp-json\/wp\/v2\/product_cat?post=2769"},{"taxonomy":"product_tag","embeddable":true,"href":"https:\/\/casasriaurobindo.com.br\/2022\/wp-json\/wp\/v2\/product_tag?post=2769"}],"curies":[{"name":"wp","href":"https:\/\/api.w.org\/{rel}","templated":true}]}}