{"id":2764,"date":"2022-02-23T18:06:50","date_gmt":"2022-02-23T18:06:50","guid":{"rendered":"https:\/\/casasriaurobindo.com.br\/2022\/?post_type=product&#038;p=2764"},"modified":"2022-02-23T18:06:51","modified_gmt":"2022-02-23T18:06:51","slug":"crescer-dancando-agindo-2","status":"publish","type":"product","link":"https:\/\/casasriaurobindo.com.br\/2022\/produto\/crescer-dancando-agindo-2\/","title":{"rendered":"CRESCER &#8211; DAN\u00c7ANDO &#8211; AGINDO 2"},"content":{"rendered":"<p><span style=\"font-family: Arial;\"><span style=\"font-size: small;\">Conte\u00fado: Sugest\u00f5es e elabora\u00e7\u00e3o de elementos-aula, nos diversos campos da educa\u00e7\u00e3o art\u00edstica &#8211; um trabalho construtivo e inovador. <\/span><\/span><\/p>\n","protected":false},"excerpt":{"rendered":"<p>Uma proposta educativa do N\u00facleo Salvador orientada pelo Professor Rolf Gelewski; 1981; 3a edi\u00e7\u00e3o: 1989.<\/p>\n","protected":false},"featured_media":0,"comment_status":"open","ping_status":"closed","template":"","meta":[],"product_brand":[],"product_cat":[54],"product_tag":[],"class_list":{"0":"post-2764","1":"product","2":"type-product","3":"status-publish","5":"product_cat-rolf-gelewski","7":"first","8":"instock","9":"shipping-taxable","10":"purchasable","11":"product-type-simple"},"_links":{"self":[{"href":"https:\/\/casasriaurobindo.com.br\/2022\/wp-json\/wp\/v2\/product\/2764","targetHints":{"allow":["GET"]}}],"collection":[{"href":"https:\/\/casasriaurobindo.com.br\/2022\/wp-json\/wp\/v2\/product"}],"about":[{"href":"https:\/\/casasriaurobindo.com.br\/2022\/wp-json\/wp\/v2\/types\/product"}],"replies":[{"embeddable":true,"href":"https:\/\/casasriaurobindo.com.br\/2022\/wp-json\/wp\/v2\/comments?post=2764"}],"wp:attachment":[{"href":"https:\/\/casasriaurobindo.com.br\/2022\/wp-json\/wp\/v2\/media?parent=2764"}],"wp:term":[{"taxonomy":"product_brand","embeddable":true,"href":"https:\/\/casasriaurobindo.com.br\/2022\/wp-json\/wp\/v2\/product_brand?post=2764"},{"taxonomy":"product_cat","embeddable":true,"href":"https:\/\/casasriaurobindo.com.br\/2022\/wp-json\/wp\/v2\/product_cat?post=2764"},{"taxonomy":"product_tag","embeddable":true,"href":"https:\/\/casasriaurobindo.com.br\/2022\/wp-json\/wp\/v2\/product_tag?post=2764"}],"curies":[{"name":"wp","href":"https:\/\/api.w.org\/{rel}","templated":true}]}}